f (193/(-4))/(57/(-3192))?
2, 7, 193
Let t = 222 - 101. List the prime factors of t.
11
Let u = -15 + 17. Let n be 334/8 - u/(-8). Suppose -3*d = -3*p - n, -3*d + 5*p = -2*d - 14. What are the prime factors of d?
2, 7
Let i be (-1 + -4)*(-7 - -2). Let y = i + 21. List the prime factors of y.
2, 23
Let o = 0 + 4. Suppose 0*y - o*b - 6 = y, y = 4*b + 2. Let v = y - -61. What are the prime factors of v?
59
What are the prime factors of 781404/286 - 2/11?
2, 683
Let w be (-7)/(-14) + 9/2. Suppose 0 = -w*f + 228 + 72. List the prime factors of f.
2, 3, 5
Suppose -3*a + 0*a + 648 = 0. Let u = 302 - a. What are the prime factors of u?
2, 43
Suppose -417 = -4*k - 65. Suppose 0 = 4*o - 196 - k. What are the prime factors of o?
71
Let k be (0 - 2)/(4/(-12)). Let g be 0/((-3)/k*2). Suppose 2*t - 70 + 24 = g. What are the prime factors of t?
23
Suppose -5*b - 2*d + 8 = -5, 2*d = -2. Let l(f) = 6*f - 5*f + f**2 - b*f. What are the prime factors of l(4)?
2
What are the prime factors of 10256/40 + 8/(-20)?
2
Let x = -1763 - -1773. Let i(c) = 4*c**3 + 14*c**2 + 2*c - 6. Let l(a) = a**3 + a**2 - a. Let q(u) = -i(u) + 5*l(u). What are the prime factors of q(x)?
2, 3
Suppose 6*m + 69 + 93 = 0. Let q = -22 + -28. Let v = m - q. List the prime factors of v.
23
Let p = -8337 + 13897. List the prime factors of p.
2, 5, 139
Suppose 0 = 16*j - 16713 - 46007. What are the prime factors of j?
2, 5, 7
Suppose 0 = 4*z - 0 + 160. Let m = 60 + z. List the prime factors of m.
2, 5
Let n(f) = -f**3 + 11*f**2 + 37*f + 6. Let j(o) = o**3 - 16*o**2 + 17*o - 17. Let k be j(15). What are the prime factors of n(k)?
149
Let z(s) = -2*s**3 - 42*s**2 - 9*s - 14. What are the prime factors of z(-21)?
5, 7
Suppose 0 = 4*q - 6*q + 10. Let j = q - 2. What are the prime factors of (8 - 11)/(j/(-2))?
2
Let h be (3 - (-6 - -10))*169*1. Let w = 105 - h. What are the prime factors of w?
2, 137
Let h(p) = 108*p**2 + 24*p + 8. What are the prime factors of h(-7)?
2, 1283
Suppose 0 = -2*m - 5*l - 0*l - 17, -4*l = -2*m + 28. Suppose m*f = -171 + 519. List the prime factors of f.
3, 29
Suppose -4*k = 27 - 35. Suppose k*o - 3*q - 6 - 64 = 0, 2*q = -o + 35. List the prime factors of o.
5, 7
Let i = 2339 - 546. List the prime factors of i.
11, 163
Suppose 0 = y - 2*t - 45, -3*y - 4*t = -108 - 17. List the prime factors of y.
43
Let t be -5 + ((-12)/(-3))/(-4). Let p(u) = u + 8. Let s be p(t). Suppose -h = s*h - l - 31, l = 2. List the prime factors of h.
11
Let p be (3312/99)/8 - (-4)/(-22). Suppose -4*v - 1432 = -3*r - 482, -1280 = -p*r + 2*v. What are the prime factors of r?
2, 7, 23
Let z(w) = 3 - 53*w - 6*w + 3*w. List the prime factors of z(-1).
59
Let v = -1313 + 3418. What are the prime factors of v?
5, 421
Suppose 3*i - 163 = -k + 63, -4*i = -k - 313. Suppose -5*r + 281 = z, -z + 16 - i = -r. What are the prime factors of r?
3, 19
Suppose 8 = -2*h + 14. Suppose -5*w + 711 = -3*q, -4*q - 413 = -h*w - 9*q. List the prime factors of w.
3, 47
Let u(x) = -20*x - 13. Let r be u(-3). Suppose r*q + 885 = 52*q. List the prime factors of q.
3, 59
Let y be (-1)/3 + (-2)/3. Let t be y*(6 + -3)*5. What are the prime factors of (59 - -1)*(-6)/t?
2, 3
Let l = 26 - 23. Suppose -2*v = l*v - 575. What are the prime factors of v?
5, 23
Let s(h) = h**3 - 4*h**2 + 2*h - 3. List the prime factors of s(6).
3
Suppose 3*n - 24 = -9*n. What are the prime factors of n?
2
Let l = 36 + -33. Suppose -j - 256 = -3*w, l*w + 39 = -2*j + 301. List the prime factors of w.
2, 43
Suppose -72*c + 36940 = -52*c. List the prime factors of c.
1847
Let c = 3144 + -1739. List the prime factors of c.
5, 281
Let g(j) = -149*j**3 - 3*j**2 + 3*j + 8. What are the prime factors of g(-2)?
2, 3, 197
Suppose 0 = -56*h + 55*h + 213. What are the prime factors of h?
3, 71
Suppose 3*y - 4*t + 6018 = 5*y, 5*y - 15097 = 3*t. What are the prime factors of y?
7, 431
Let c(f) = -f + 11. Let y be c(-10). Let n = 9 + y. What are the prime factors of n?
2, 3, 5
Let b = -337 + -193. Let k = -306 - b. List the prime factors of k.
2, 7
Let v(s) = -s**3 + 18. Let a be v(0). Suppose -3*b - b + a = j, -3*j - 3*b + 45 = 0. List the prime factors of j.
2, 7
Let y(l) = -3*l - 18. Let b be y(-8). Suppose -z - 6 = -3*z. Suppose -z*r = -2*r - 3*w - 4, b = 3*w. List the prime factors of r.
2, 5
Suppose 2*f - 12*g - 2230 = -10*g, -3*f = -2*g - 3344. List the prime factors of f.
2, 557
Let k = -71 + 71. Suppose 7*c = -k*c + 1540. What are the prime factors of c?
2, 5, 11
Let p = 740 + -674. What are the prime factors of p?
2, 3, 11
Let p(u) = -36 + 6*u + 8*u + 38 + 15*u**2 + u**3 + 0*u**3. Let w be p(-14). Suppose -2*r - 1 = d, -w*r + 35 = 5*d - 0*d. List the prime factors of d.
3
Suppose -c + 1237 = 2*i - 351, 3*i = -2*c + 2384. What are the prime factors of i?
2, 3, 11
Let c = -13 + 15. Suppose -m - c + 3 = 0. What are the prime factors of (-17)/(m/(2/(-2)))?
17
Suppose 0*n = -4*n + 4*m + 132, 0 = 4*n + 5*m - 114. Let c = 187 + -182. Suppose -3*s - c = -4*a + n, 0 = 2*s. What are the prime factors of a?
3
Let d = 18 - 15. Suppose 8*g + 15 = d*g. List the prime factors of -1 - (-3)/1 - g.
5
Suppose -7*t + 2*t = -100. Suppose t = u - 22. Suppose 3*g = -5*d + 183, -67 - u = -3*d - 2*g. What are the prime factors of d?
3, 13
Let h = -34 - -37. Suppose -2*u = v - 67, 0*u + 130 = 2*v + h*u. What are the prime factors of v?
59
Let y = -212 + 353. Suppose -3*h + 24 = -y. List the prime factors of h.
5, 11
Suppose 3 = 5*m - 12. Let r = 5 - m. Suppose 26 = 3*z - r*z. What are the prime factors of z?
2, 13
Let k be ((-4)/6)/(10/(-60)). Suppose k = 3*j - 8. Suppose j*b + 225 = 7*b. List the prime factors of b.
3, 5
Suppose 2*l - 964 = -3*g, -2*g + 2*l = l - 645. List the prime factors of g.
2, 7, 23
Let i be (1/(-2))/(2/(-8)). Let d be 0*(-2 - -1) - -23. Suppose -i*m = -d - 1. What are the prime factors of m?
2, 3
Suppose -4*c + 1272 = -2*f, 4*c = 2*f + f + 1274. What are the prime factors of c?
317
Let z(r) = r**3 + 8*r**2 + 5*r - 5. Let k be z(-7). Suppose -5*j + 2*j = -k. Suppose 244 = 4*b - c, 0 = j*b - 2*c - 2*c - 196. What are the prime factors of b?
2, 3, 5
Let i(q) = -q**2 + 5*q - 6. Let j be i(4). List the prime factors of 1 - (j - 117) - -3.
3, 41
Suppose 110 = 3*f - 2*d, -5*d + 48 = -2*f + 3*f. Suppose 2*m - g + 62 = -0*g, -g = -m - 30. Let x = f + m. What are the prime factors of x?
2, 3
Let v = -190 - -184. Let m be (21/(-2))/(1/(-8)). List the prime factors of (m/9)/(v/(-9)).
2, 7
Let p = -3 - -653. List the prime factors of p.
2, 5, 13
What are the prime factors of (80/3)/((-48)/(-504))?
2, 5, 7
Suppose 56*k = 61*k - 20. Suppose 0*l - 3*l + 2*v = -145, 2*l = k*v + 102. List the prime factors of l.
47
Suppose -4*i = -5*w - 36, -4*i + 4*w - 3*w + 20 = 0. Let z be (1 - i/16)*4. Suppose 6*a - z*a - 114 = 0. List the prime factors of a.
2, 19
Suppose -10 = -376*m + 375*m. What are the prime factors of (-4 - m*-10) + 3?
3, 11
Let i be 1/(1/3 + 0). Suppose 0 = -2*r - 8, i*p = -5*r + 1 - 21. List the prime factors of (-29)/((p - -1)*-1).
29
Let m be 5 - (11 - 7/((-14)/(-8))). Let n(x) be the third derivative of -x**6/60 - x**5/20 - x**4/12 + x**3/6 + x**2. What are the prime factors of n(m)?
3
Suppose 0 = 2*r + 2*f - 338, -r + 4*f - f + 189 = 0. Suppose -13*j - r = -14*j. List the prime factors of j.
2, 3, 29
What are the prime factors of 3 + (4/(-14) - (-2438)/7)?
3, 13
Let y(b) be the first derivative of 5*b**2/2 - 13*b - 14. What are the prime factors of y(15)?
2, 31
Suppose 4 = 7*h - 5*h. Suppose -h*f + 147 = f. List the prime factors of f.
7
Let q = 2752 + -1226. What are the prime factors of q?
2, 7, 109
Let l(b) = b**2 - 12*b - 5. Let h(p) = -p**2 + 8*p + 3. Let q(r) = -8*h(r) - 5*l(r). Let k be q(9). List the prime factors of k/8 + 0 + -1.
5
Suppose -3*h + 72 - 359 = 4*c, -144 = 2*c + 2*h. Let z = c + 146. What are the prime factors of z?
3, 5
Let t(m) = 5*m + 3. Suppose -5*n + 60 = -5*i, 0*i + 13 = n - 2*i. Let f be t(n). Let z = f - 35. What are the prime factors of z?
23
Let o be (-9)/(-4 - (-11)/3). Let j = o + -25. Suppose 2*i + 180 = 3*h, -3*i - j*i = 0. List the prime factors of h.
2, 3, 5
Suppose 0 = 5*d - 2*c + 179, -c + 5*c = -5*d - 167. List the prime factors of 9/18 - d/2.
2, 3
Let i(j) = -15*j - 39. Suppose 5*l + 0*v + 39 = 2*v, -24 = l + 5*v. Wh